[INFO] cloning repository https://github.com/ENOFLAG/ENOKEY
[INFO] running `Command { std: "git" "-c" "credential.helper=" "-c" "credential.helper=/workspace/cargo-home/bin/git-credential-null" "clone" "--bare" "https://github.com/ENOFLAG/ENOKEY" "/workspace/cache/git-repos/https%3A%2F%2Fgithub.com%2FENOFLAG%2FENOKEY", kill_on_drop: false }`
[INFO] [stderr] Cloning into bare repository '/workspace/cache/git-repos/https%3A%2F%2Fgithub.com%2FENOFLAG%2FENOKEY'...
[INFO] running `Command { std: "git" "rev-parse" "HEAD", kill_on_drop: false }`
[INFO] [stdout] f79037574b4b4a7de693b9e2de7f943c90fce79a
[INFO] checking ENOFLAG/ENOKEY against try#72f88fc4e9458f89516a0b8b0868f3718aec5b47 for pr-74989
[INFO] running `Command { std: "git" "clone" "/workspace/cache/git-repos/https%3A%2F%2Fgithub.com%2FENOFLAG%2FENOKEY" "/workspace/builds/worker-2/source", kill_on_drop: false }`
[INFO] [stderr] Cloning into '/workspace/builds/worker-2/source'...
[INFO] [stderr] done.
[INFO] validating manifest of git repo https://github.com/ENOFLAG/ENOKEY on toolchain 72f88fc4e9458f89516a0b8b0868f3718aec5b47
[INFO] running `Command { std: "/workspace/cargo-home/bin/cargo" "+72f88fc4e9458f89516a0b8b0868f3718aec5b47" "read-manifest" "--manifest-path" "Cargo.toml", kill_on_drop: false }`
[INFO] started tweaking git repo https://github.com/ENOFLAG/ENOKEY
[INFO] finished tweaking git repo https://github.com/ENOFLAG/ENOKEY
[INFO] tweaked toml for git repo https://github.com/ENOFLAG/ENOKEY written to /workspace/builds/worker-2/source/Cargo.toml
[INFO] crate git repo https://github.com/ENOFLAG/ENOKEY already has a lockfile, it will not be regenerated
[INFO] running `Command { std: "/workspace/cargo-home/bin/cargo" "+72f88fc4e9458f89516a0b8b0868f3718aec5b47" "fetch" "--locked" "--manifest-path" "Cargo.toml", kill_on_drop: false }`
[INFO] [stderr] error: the lock file /workspace/builds/worker-2/source/Cargo.lock needs to be updated but --locked was passed to prevent this
[INFO] [stderr] If you want to try to generate the lock file without accessing the network, use the --offline flag.
[INFO] the lockfile is outdated, regenerating it
[INFO] running `Command { std: "/workspace/cargo-home/bin/cargo" "+72f88fc4e9458f89516a0b8b0868f3718aec5b47" "generate-lockfile" "--manifest-path" "Cargo.toml" "-Zno-index-update", kill_on_drop: false }`
[INFO] running `Command { std: "/workspace/cargo-home/bin/cargo" "+72f88fc4e9458f89516a0b8b0868f3718aec5b47" "fetch" "--locked" "--manifest-path" "Cargo.toml", kill_on_drop: false }`
[INFO] [stderr]  Downloading crates ...
[INFO] [stderr]   Downloaded ssh2 v0.8.2
[INFO] [stderr]   Downloaded md-5 v0.7.0
[INFO] [stderr]   Downloaded handlebars v1.1.0
[INFO] [stderr]   Downloaded openssh-keys v0.3.0
[INFO] running `Command { std: "docker" "create" "-v" "/var/lib/crater-agent-workspace/builds/worker-2/target:/opt/rustwide/target:rw,Z" "-v" "/var/lib/crater-agent-workspace/builds/worker-2/source:/opt/rustwide/workdir:ro,Z" "-v" "/var/lib/crater-agent-workspace/cargo-home:/opt/rustwide/cargo-home:ro,Z" "-v" "/var/lib/crater-agent-workspace/rustup-home:/opt/rustwide/rustup-home:ro,Z" "-e" "SOURCE_DIR=/opt/rustwide/workdir" "-e" "CARGO_TARGET_DIR=/opt/rustwide/target" "-e" "CARGO_HOME=/opt/rustwide/cargo-home" "-e" "RUSTUP_HOME=/opt/rustwide/rustup-home" "-w" "/opt/rustwide/workdir" "-m" "1610612736" "--user" "0:0" "--network" "none" "rustops/crates-build-env@sha256:d92eaeed33fa75130ca1ee6c8a01d1ffb62bac859dfdfb3450e3e5d1c0146529" "/opt/rustwide/cargo-home/bin/cargo" "+72f88fc4e9458f89516a0b8b0868f3718aec5b47" "metadata" "--no-deps" "--format-version=1", kill_on_drop: false }`
[INFO] [stderr] WARNING: Your kernel does not support swap limit capabilities or the cgroup is not mounted. Memory limited without swap.
[INFO] [stdout] 77a69c99388aaca2c96f57261cd85fbc73b38ec424553a190ae1b989df046ba0
[INFO] running `Command { std: "docker" "start" "-a" "77a69c99388aaca2c96f57261cd85fbc73b38ec424553a190ae1b989df046ba0", kill_on_drop: false }`
[INFO] running `Command { std: "docker" "inspect" "77a69c99388aaca2c96f57261cd85fbc73b38ec424553a190ae1b989df046ba0", kill_on_drop: false }`
[INFO] running `Command { std: "docker" "rm" "-f" "77a69c99388aaca2c96f57261cd85fbc73b38ec424553a190ae1b989df046ba0", kill_on_drop: false }`
[INFO] [stdout] 77a69c99388aaca2c96f57261cd85fbc73b38ec424553a190ae1b989df046ba0
[INFO] running `Command { std: "docker" "create" "-v" "/var/lib/crater-agent-workspace/builds/worker-2/target:/opt/rustwide/target:rw,Z" "-v" "/var/lib/crater-agent-workspace/builds/worker-2/source:/opt/rustwide/workdir:ro,Z" "-v" "/var/lib/crater-agent-workspace/cargo-home:/opt/rustwide/cargo-home:ro,Z" "-v" "/var/lib/crater-agent-workspace/rustup-home:/opt/rustwide/rustup-home:ro,Z" "-e" "SOURCE_DIR=/opt/rustwide/workdir" "-e" "CARGO_TARGET_DIR=/opt/rustwide/target" "-e" "CARGO_INCREMENTAL=0" "-e" "RUST_BACKTRACE=full" "-e" "RUSTFLAGS=--cap-lints=forbid" "-e" "CARGO_HOME=/opt/rustwide/cargo-home" "-e" "RUSTUP_HOME=/opt/rustwide/rustup-home" "-w" "/opt/rustwide/workdir" "-m" "1610612736" "--user" "0:0" "--network" "none" "rustops/crates-build-env@sha256:d92eaeed33fa75130ca1ee6c8a01d1ffb62bac859dfdfb3450e3e5d1c0146529" "/opt/rustwide/cargo-home/bin/cargo" "+72f88fc4e9458f89516a0b8b0868f3718aec5b47" "check" "--frozen" "--all" "--all-targets" "--message-format=json", kill_on_drop: false }`
[INFO] [stderr] WARNING: Your kernel does not support swap limit capabilities or the cgroup is not mounted. Memory limited without swap.
[INFO] [stdout] 2c6929905e587af849af36deb0da58ef467096c0327cdbb67f09d7652a872f01
[INFO] running `Command { std: "docker" "start" "-a" "2c6929905e587af849af36deb0da58ef467096c0327cdbb67f09d7652a872f01", kill_on_drop: false }`
[INFO] [stderr]    Compiling libc v0.2.77
[INFO] [stderr]     Checking cfg-if v0.1.10
[INFO] [stderr]    Compiling version_check v0.9.2
[INFO] [stderr]    Compiling autocfg v1.0.1
[INFO] [stderr]    Compiling bitflags v1.2.1
[INFO] [stderr]    Compiling getrandom v0.1.15
[INFO] [stderr]    Compiling proc-macro2 v0.4.30
[INFO] [stderr]    Compiling proc-macro2 v1.0.21
[INFO] [stderr]     Checking lazy_static v1.4.0
[INFO] [stderr]    Compiling unicode-xid v0.1.0
[INFO] [stderr]    Compiling yansi v0.5.0
[INFO] [stderr]    Compiling unicode-xid v0.2.1
[INFO] [stderr]    Compiling syn v0.15.44
[INFO] [stderr]     Checking itoa v0.4.6
[INFO] [stderr]    Compiling serde v1.0.116
[INFO] [stderr]    Compiling subtle v2.3.0
[INFO] [stderr]     Checking hashbrown v0.9.0
[INFO] [stderr]    Compiling tinyvec v0.3.4
[INFO] [stderr]    Compiling matches v0.1.8
[INFO] [stderr]     Checking percent-encoding v2.1.0
[INFO] [stderr]    Compiling ppv-lite86 v0.2.9
[INFO] [stderr]     Checking safemem v0.3.3
[INFO] [stderr]    Compiling percent-encoding v1.0.1
[INFO] [stderr]    Compiling ucd-trie v0.1.3
[INFO] [stderr]    Compiling zeroize v1.1.0
[INFO] [stderr]    Compiling ryu v1.0.5
[INFO] [stderr]    Compiling maplit v1.0.2
[INFO] [stderr]     Checking futures-task v0.3.5
[INFO] [stderr]    Compiling language-tags v0.2.2
[INFO] [stderr]    Compiling traitobject v0.1.0
[INFO] [stderr]    Compiling base64 v0.12.3
[INFO] [stderr]    Compiling typeable v0.1.2
[INFO] [stderr]    Compiling smallvec v1.4.2
[INFO] [stderr]    Compiling state v0.4.1
[INFO] [stderr]    Compiling encoding_rs v0.8.24
[INFO] [stderr]    Compiling glob v0.3.0
[INFO] [stderr]     Checking ipnet v2.3.0
[INFO] [stderr]     Checking unicode-width v0.1.8
[INFO] [stderr]    Compiling libz-sys v1.1.2
[INFO] [stderr]    Compiling libssh2-sys v0.2.19
[INFO] [stderr]     Checking tracing-core v0.1.16
[INFO] [stderr]     Checking thread_local v1.0.1
[INFO] [stderr]     Checking futures-channel v0.3.5
[INFO] [stderr]     Checking http v0.2.1
[INFO] [stderr]    Compiling unicode-bidi v0.3.4
[INFO] [stderr]    Compiling unicode-normalization v0.1.13
[INFO] [stderr]    Compiling pest v2.1.3
[INFO] [stderr]     Checking block-buffer v0.3.3
[INFO] [stderr]    Compiling pear_codegen v0.1.4
[INFO] [stderr]    Compiling unicase v2.6.0
[INFO] [stderr]    Compiling rocket_codegen v0.4.5
[INFO] [stderr]    Compiling error-chain v0.12.4
[INFO] [stderr]    Compiling rocket v0.4.5
[INFO] [stderr]    Compiling openssl-sys v0.9.58
[INFO] [stderr]    Compiling indexmap v1.6.0
[INFO] [stderr]    Compiling typenum v1.12.0
[INFO] [stderr]     Checking log v0.4.11
[INFO] [stderr]    Compiling byteorder v1.3.4
[INFO] [stderr]    Compiling httparse v1.3.4
[INFO] [stderr]     Checking idna v0.1.5
[INFO] [stderr]     Checking getopts v0.2.21
[INFO] [stderr]     Checking generic-array v0.9.0
[INFO] [stderr]     Checking base64 v0.9.3
[INFO] [stderr]    Compiling unicase v1.4.2
[INFO] [stderr]     Checking url v2.1.1
[INFO] [stderr]    Compiling log v0.3.9
[INFO] [stderr]     Checking tracing v0.1.19
[INFO] [stderr]     Checking want v0.3.0
[INFO] [stderr]     Checking universal-hash v0.3.0
[INFO] [stderr]     Checking block-cipher-trait v0.6.2
[INFO] [stderr]     Checking crypto-mac v0.7.0
[INFO] [stderr]     Checking block-buffer v0.7.3
[INFO] [stderr]     Checking aead v0.2.0
[INFO] [stderr]     Checking url v1.7.2
[INFO] [stderr]     Checking regex v1.3.9
[INFO] [stderr]     Checking digest v0.7.6
[INFO] [stderr]    Compiling quote v1.0.7
[INFO] [stderr]    Compiling generic-array v0.12.3
[INFO] [stderr]    Compiling pest_meta v2.1.3
[INFO] [stderr]    Compiling quote v0.6.13
[INFO] [stderr]     Checking mime v0.2.6
[INFO] [stderr]     Checking iovec v0.1.4
[INFO] [stderr]     Checking net2 v0.2.35
[INFO] [stderr]     Checking time v0.1.44
[INFO] [stderr]     Checking num_cpus v1.13.0
[INFO] [stderr]     Checking socket2 v0.3.15
[INFO] [stderr]     Checking inotify-sys v0.1.3
[INFO] [stderr]     Checking atty v0.2.14
[INFO] [stderr]     Checking filetime v0.2.12
[INFO] [stderr]     Checking parking_lot_core v0.7.2
[INFO] [stderr]     Checking dirs v1.0.5
[INFO] [stderr]     Checking polyval v0.3.3
[INFO] [stderr]     Checking hmac v0.7.1
[INFO] [stderr]     Checking aes-soft v0.3.3
[INFO] [stderr]     Checking sha2 v0.8.2
[INFO] [stderr]    Compiling openssl v0.10.30
[INFO] [stderr]    Compiling native-tls v0.2.4
[INFO] [stderr]     Checking md-5 v0.7.0
[INFO] [stderr]     Checking sha2 v0.7.1
[INFO] [stderr]    Compiling mime_guess v2.0.3
[INFO] [stderr]    Compiling syn v1.0.40
[INFO] [stderr]    Compiling digest v0.8.1
[INFO] [stderr]     Checking rand_core v0.5.1
[INFO] [stderr]     Checking mio v0.6.22
[INFO] [stderr]     Checking inotify v0.7.1
[INFO] [stderr]     Checking hyper v0.10.16
[INFO] [stderr]     Checking http-body v0.3.1
[INFO] [stderr]     Checking hkdf v0.8.0
[INFO] [stderr]     Checking parking_lot v0.10.2
[INFO] [stderr]     Checking ghash v0.2.3
[INFO] [stderr]     Checking aes v0.3.2
[INFO] [stderr]     Checking openssh-keys v0.3.0
[INFO] [stderr]     Checking rand_chacha v0.2.2
[INFO] [stderr]     Checking aes-gcm v0.5.0
[INFO] [stderr]     Checking rand v0.7.3
[INFO] [stderr]     Checking tokio v0.2.22
[INFO] [stderr]     Checking mio-extras v2.0.6
[INFO] [stderr]     Checking notify v4.0.15
[INFO] [stderr]     Checking cookie v0.11.3
[INFO] [stderr]     Checking toml v0.4.10
[INFO] [stderr]     Checking serde_json v1.0.57
[INFO] [stderr]     Checking serde_urlencoded v0.6.1
[INFO] [stderr]     Checking ssh2 v0.8.2
[INFO] [stderr]    Compiling pest_generator v2.1.3
[INFO] [stderr]     Checking tokio-util v0.3.1
[INFO] [stderr]     Checking tokio-tls v0.3.1
[INFO] [stderr]    Compiling devise_core v0.2.0
[INFO] [stderr]    Compiling pin-project-internal v0.4.23
[INFO] [stderr]    Compiling pest_derive v2.1.0
[INFO] [stderr]     Checking handlebars v1.1.0
[INFO] [stderr]    Compiling devise_codegen v0.2.0
[INFO] [stderr]     Checking pin-project v0.4.23
[INFO] [stderr]     Checking futures-util v0.3.5
[INFO] [stderr]    Compiling devise v0.2.0
[INFO] [stderr]    Compiling pear v0.1.4
[INFO] [stderr]     Checking rocket_http v0.4.5
[INFO] [stderr]     Checking h2 v0.2.6
[INFO] [stderr]     Checking hyper v0.13.7
[INFO] [stderr]     Checking rocket_contrib v0.4.5
[INFO] [stderr]     Checking hyper-tls v0.4.3
[INFO] [stderr]     Checking reqwest v0.10.8
[INFO] [stderr]     Checking enokey v0.2.3 (/opt/rustwide/workdir)
[INFO] [stdout] error[E0277]: the `?` operator can only be applied to values that implement `Try`
[INFO] [stdout]   --> src/scraper.rs:18:23
[INFO] [stdout]    |
[INFO] [stdout] 18 |         let mut res = reqwest::get(&url)?;
[INFO] [stdout]    |                       ^^^^^^^^^^^^^^^^^^^ the `?` operator cannot be applied to type `impl Future`
[INFO] [stdout]    |
[INFO] [stdout]    = help: the trait `Try` is not implemented for `impl Future`
[INFO] [stdout]    = note: required by `into_result`
[INFO] [stdout] 
[INFO] [stdout] 
[INFO] [stdout] error[E0277]: the `?` operator can only be applied to values that implement `Try`
[INFO] [stdout]   --> src/scraper.rs:18:23
[INFO] [stdout]    |
[INFO] [stdout] 18 |         let mut res = reqwest::get(&url)?;
[INFO] [stdout]    |                       ^^^^^^^^^^^^^^^^^^^ the `?` operator cannot be applied to type `impl Future`
[INFO] [stdout]    |
[INFO] [stdout]    = help: the trait `Try` is not implemented for `impl Future`
[INFO] [stdout]    = note: required by `into_result`
[INFO] [stdout] 
[INFO] [stdout] 
[INFO] [stdout] error[E0308]: mismatched types
[INFO] [stdout]   --> src/scraper.rs:29:12
[INFO] [stdout]    |
[INFO] [stdout] 29 |         Ok(keys)
[INFO] [stdout]    |            ^^^^
[INFO] [stdout]    |            |
[INFO] [stdout]    |            expected struct `Vec`, found slice
[INFO] [stdout]    |            help: try using a conversion method: `keys.to_vec()`
[INFO] [stdout]    |
[INFO] [stdout]    = note: expected struct `Vec<std::string::String>`
[INFO] [stdout]                found slice `[std::string::String]`
[INFO] [stdout] 
[INFO] [stdout] 
[INFO] [stdout] error[E0308]: mismatched types
[INFO] [stdout]   --> src/scraper.rs:29:12
[INFO] [stdout]    |
[INFO] [stdout] 29 |         Ok(keys)
[INFO] [stdout]    |            ^^^^
[INFO] [stdout]    |            |
[INFO] [stdout]    |            expected struct `Vec`, found slice
[INFO] [stdout]    |            help: try using a conversion method: `keys.to_vec()`
[INFO] [stdout]    |
[INFO] [stdout]    = note: expected struct `Vec<std::string::String>`
[INFO] [stdout]                found slice `[std::string::String]`
[INFO] [stdout] 
[INFO] [stdout] 
[INFO] [stdout] error: aborting due to 2 previous errors
[INFO] [stdout] 
[INFO] [stdout] 
[INFO] [stdout] Some errors have detailed explanations: E0277, E0308.
[INFO] [stdout] 
[INFO] [stdout] For more information about an error, try `rustc --explain E0277`.
[INFO] [stdout] 
[INFO] [stderr] error: could not compile `enokey`.
[INFO] [stderr] 
[INFO] [stderr] To learn more, run the command again with --verbose.
[INFO] [stderr] warning: build failed, waiting for other jobs to finish...
[INFO] [stdout] error: aborting due to 2 previous errors
[INFO] [stdout] 
[INFO] [stdout] 
[INFO] [stdout] Some errors have detailed explanations: E0277, E0308.
[INFO] [stdout] 
[INFO] [stdout] For more information about an error, try `rustc --explain E0277`.
[INFO] [stdout] 
[INFO] [stderr] error: build failed
[INFO] running `Command { std: "docker" "inspect" "2c6929905e587af849af36deb0da58ef467096c0327cdbb67f09d7652a872f01", kill_on_drop: false }`
[INFO] running `Command { std: "docker" "rm" "-f" "2c6929905e587af849af36deb0da58ef467096c0327cdbb67f09d7652a872f01", kill_on_drop: false }`
[INFO] [stdout] 2c6929905e587af849af36deb0da58ef467096c0327cdbb67f09d7652a872f01
